128 + -85. What are the prime factors of b?
43
Suppose -4*a = 3*p + a - 296, 0 = 4*p + 4*a - 384. List the prime factors of p.
2, 23
Suppose 128 = 3*m + m. What are the prime factors of m?
2
Let r(z) = z**2 - 5. Suppose 25 = 4*b + 9. List the prime factors of r(b).
11
Let q(b) = 1 + 5*b**2 + 2 - 4*b**2 + 0 + 2*b. What are the prime factors of q(-4)?
11
List the prime factors of (-227)/(-9) + 4/(-18).
5
Let r = -2 + 5. Suppose -t + 2*t - r = 0. Let g(j) = 6*j - 1. List the prime factors of g(t).
17
Suppose 2*i - 28 = 4*v, -5*i + 3*v + 40 = -v. Let q = i - -2. What are the prime factors of q?
2, 3
Let l = 357 - 210. List the prime factors of l.
3, 7
Suppose -3*b = 4*u - 20, 0*u - 4*u + 3*b = -20. Suppose -u*g - j = -2*j - 240, 220 = 5*g + 3*j. List the prime factors of g.
47
Let b(a) = a**3 - 8*a**2 + 8*a + 3. Let i be b(6). Let g = -11 - i. List the prime factors of g.
2, 5
Let h = -4 - -2. Let y = 10 + h. What are the prime factors of y?
2
Suppose -28 = -7*s + 63. List the prime factors of s.
13
Suppose 5*w = 3 - 18, -4*h + 81 = -3*w. List the prime factors of h.
2, 3
Let g(c) = 2*c**2 - 2*c - 1. Let m be g(2). Suppose -22 = -m*p + 26. List the prime factors of p.
2
Let s(d) = -d + 5. Let j be s(0). Suppose 5*h - j*g - 29 = 2*h, -27 = -5*h + 3*g. List the prime factors of h.
3
Suppose 2*k - 4 = 0, 2*k = 4*u - 0*k - 20. Let l(v) = 2*v + 13. List the prime factors of l(u).
5
Let x be 2 - (2 - 2)/2. Suppose 2 = -x*k - 4*m + m, 4*k - 5*m - 40 = 0. List the prime factors of k.
5
Suppose -q + 17 = 5*j, -3*q = 4*j - 5 - 2. Let x = 1 - 3. Let f = j + x. What are the prime factors of f?
2
Let t = -2 + 3. Let w(c) = 3*c - 1. Let s be w(t). Suppose s*x + 0*k = -2*k + 20, -x + 22 = 4*k. List the prime factors of x.
2, 3
Let x be (-78)/(-21) + 6/21. Suppose 0*v - x = 4*v, 3*f = -2*v + 13. List the prime factors of f.
5
Let q(m) = -m + 9*m**2 + 13 + m**3 + m + 0*m - 9*m. Suppose -3*h = -6*h - 30. What are the prime factors of q(h)?
3
Let y = 162 - 93. Suppose -3*l = 4*d - 35, 7*l - 4*d = 2*l + y. What are the prime factors of l?
13
Let t = 15 + -13. List the prime factors of -1*(-2 + (t - 25)).
5
Let b = 36 - 51. List the prime factors of (-2)/10 + (-108)/b.
7
What are the prime factors of 241*(-2 + 7)/5?
241
Suppose 4*u + 89 = 5*u + 2*t, -u + 89 = -3*t. List the prime factors of u.
89
Let h be 21/6 + 2/(-4). Suppose h*t + t = 100. What are the prime factors of t?
5
Suppose 20*w + 346 - 1226 = 0. List the prime factors of w.
2, 11
Suppose -21 - 23 = -2*t. List the prime factors of t.
2, 11
Suppose 0 = b - j - 3, 15 - 3 = -3*j. List the prime factors of 21 + (-3 - b)/(-1).
23
Let c be 2 + 1 - 10/2. List the prime factors of (6/(-3))/(c + 1).
2
Suppose h - 633 = -5*g + 261, 3*g + 3*h - 534 = 0. What are the prime factors of g?
179
Let z(o) = 11*o - 13. What are the prime factors of z(3)?
2, 5
Let g(s) = 4*s**3 - 3*s**3 - 2*s + 9*s**2 - 1 + 6*s - 2. What are the prime factors of g(-8)?
29
Suppose 100 = -f + 6*f + 3*s, -f - 4*s = -3. What are the prime factors of f?
23
What are the prime factors of (-15134)/(-182) + (-4)/26?
83
Let o(n) be the third derivative of n**4/24 + 26*n**3/3 - 3*n**2. Let u be o(0). What are the prime factors of ((-5)/(-10))/(2/u)?
13
Suppose 9*s - 10 = 4*s. Let q(f) = 3*f**3 + f - 1. Let o be q(1). Suppose 5*t + o*g - 39 = s*t, 3*t = -2*g + 43. What are the prime factors of t?
17
Suppose -j = j - 4. Let n be 7 - j*(2 + -1). List the prime factors of (4 - n)/(1/(-15)).
3, 5
Suppose 0 = -i + 4*t + 42, 2*i - t = 121 - 37. List the prime factors of i.
2, 3, 7
Suppose 0 = -14*q + 19*q - 530. What are the prime factors of q?
2, 53
Suppose 5*h - 745 = -4*a + 8*a, -5*h - 4*a + 745 = 0. List the prime factors of h.
149
Let q(x) = x**3 - 8*x**2 + 8*x + 1. Let a be q(11). What are the prime factors of a/14 - (-12)/(-42)?
2
Suppose 0 = 3*x - 0*x - 4*i + 20, 10 = 5*x + 2*i. Suppose x + 52 = 4*k. What are the prime factors of k?
13
Suppose 157 = 4*t + 3*m, 5*m + 72 + 24 = 3*t. List the prime factors of t.
37
Let b = -86 + 127. List the prime factors of b.
41
What are the prime factors of (2/2)/((-3)/(-63))?
3, 7
Let s = -20 - -35. Suppose 0 = -3*p - s, -5*z + 3*p + 80 = 6*p. What are the prime factors of z?
19
Let a(b) = b - 5. Let z be a(10). Suppose -p + z*g = -16 - 13, -g - 1 = p. List the prime factors of p.
2
Let o(k) = -6*k**3 - 5*k**2 + 4*k. What are the prime factors of o(-4)?
2, 3
Suppose -3*v + 5 = -3*p - 1, -3*v - 15 = 4*p. What are the prime factors of 37/p*-3*1?
37
Let m = 17 - 9. Suppose -2*a + 6*a = m. Suppose -a*x + 3*x = -2*w + 15, -3*w = 4*x - 40. List the prime factors of x.
7
Suppose -3*r - r - 5*d = -248, 4*d = 4*r - 212. What are the prime factors of r?
3, 19
Suppose -5*s - 4*n = -308, 6*s - 4*s = 4*n + 140. What are the prime factors of s?
2
Let b = 139 + -76. Suppose -b = -4*q - 5*l, 3*q - q + 4*l - 36 = 0. What are the prime factors of q?
2, 3
Let f = 15 + -15. Suppose f*h + 3*h = 36. What are the prime factors of h?
2, 3
Suppose 3*b + 6*k - k = 25, -45 = -5*b - 5*k. What are the prime factors of 34/b + 6/(-15)?
3
Suppose -22 + 158 = 2*l. What are the prime factors of l?
2, 17
Suppose 6*b - 5 = 5*b. Suppose -b*f = -3*r + 15, -4*r + 2*f + 46 = 4*f. List the prime factors of r.
2, 5
Let c(v) = -v + 19. List the prime factors of c(0).
19
What are the prime factors of (6 + -4)/(6/39)?
13
Suppose 47 = 3*s - 13. List the prime factors of s.
2, 5
Suppose -a + 4*d = 4*a - 25, -2*a + 4*d + 10 = 0. Suppose a*x = 7 + 3. Suppose 32 = x*t + 3*h, 3*t + 3*h = 6 + 36. List the prime factors of t.
2, 5
Let q = 5 + -9. Let s be (q - (-2 + 0)) + 44. Suppose -2*j = t - 13, 3*t + 4*j - s = j. List the prime factors of t.
3, 5
Let h = 86 + -49. Let a = h - -13. What are the prime factors of a?
2, 5
Suppose -5*d = -j - 30 + 6, -2*j = -2. Suppose 0 = -d*b + 105 + 20. List the prime factors of b.
5
Suppose 2*d - d = 2*y, -9 = 5*y + 2*d. List the prime factors of y/(-5) + (-158)/(-10).
2
Let n be 15/(-20) + (-2)/8. What are the prime factors of n/6 - (-79)/6?
13
Suppose -8*n + 40 = -0. Suppose 0*p - 3 = -p. Suppose -4*t + n*s = -33, -3*t + p*s = -t - 15. List the prime factors of t.
2, 3
Let j(d) = -8*d**3 + d**2 - d. Let k be j(-2). Suppose 6 + 4 = 5*h. Suppose 2*z = -5*y + k, -z = -h*y + 2*z + 28. What are the prime factors of y?
2, 7
Suppose -2*c = -m - 7, -4*c = c - 4*m - 22. Let p be (1/(-3))/(c/(-6)). Let l = 4 - p. List the prime factors of l.
3
Let w be (-20)/(-5)*2/4. Let m be ((-1)/w)/(4/8). Let j = m + 11. List the prime factors of j.
2, 5
Suppose 2*p = 10, 4*c + 4*p = c + 80. Suppose 3 = t - c. List the prime factors of t.
23
Let z be 1/2 - (-22)/(-4). Let q(m) = -m**3 + 7*m**2 + 8*m + 9. Let f be q(8). Let x = f + z. List the prime factors of x.
2
Let q(n) = 1 + 8*n**2 + 2*n**3 - 5 - n**3 + 3*n. What are the prime factors of q(-7)?
2, 3
Let q = 31 - -2. List the prime factors of q.
3, 11
Suppose 0 = -5*i - 4*r + 35, 11 = 3*i + 2*r - 8. Suppose -i*w = w - 52. What are the prime factors of w?
13
List the prime factors of 55 + (8 - 4 - 0).
59
Let o(k) = 3*k**2 + 2*k + 7. Let d(l) = -9*l**2 - 6*l - 20. Let z(p) = -3*d(p) - 8*o(p). List the prime factors of z(-3).
5
Suppose -8*o - 493 = -1981. What are the prime factors of o?
2, 3, 31
Let g = 4 - 4. Suppose 0 = -g*u - 3*u. Suppose u*w - 3*w = -57. List the prime factors of w.
19
Suppose -4*p - 5*t + 79 = 0, 4*t = p - 0*t - 4. Suppose -p = -3*c - c. List the prime factors of c.
2
Suppose -i - 11 = -108. Suppose -i = -5*h - a, 3*a + 70 = 4*h - 0*h. List the prime factors of h.
19
Let l(b) be the second derivative of -b**3/3 + 3*b**2/2 + b. Suppose 0 = -4*v - 4*k - 4, -v - 5*k + 6 + 1 = 0. List the prime factors of l(v).
3
Let x be 1*1/((-2)/(-46)). Suppose r - 32 = -3*t, -x = -5*r + 2. What are the prime factors of t?
3
Suppose 0 = -4*k + 37 - 9. What are the prime factors of k?
7
Let h(r) be the first derivative of 2*r**3 - r**2/2 - r - 3. What are the prime factors of h(-1)?
2, 3
Suppose z - 218 = -2*f, -3*f + 58 = -2*z - 262. What are the prime factors of f?
2, 3
Let u = 1 + -5. Let i(d) = -378*d. Let k be i(-1). What are the prime factors of u/(-14) + k/49?
2
Let l(o) = 89*o**2 - 2*o - 2. List the prime factors of l(-1).
89
Suppose -4*x - 110 = -5*g + 9, 3*x = 5*g - 93. Let h = -12 - x